3.
3179
Calculate the highest common factor of 2492 and 69535522.
1246
What is the highest common factor of 2762111 and 8983931?
9427
Calculate the greatest common factor of 71432 and 4208.
8
Calculate the highest common divisor of 306 and 1309731.
51
Calculate the highest common divisor of 4002 and 31132254.
174
What is the greatest common divisor of 43575 and 1117761?
249
What is the greatest common factor of 11978 and 969314?
226
What is the highest common factor of 1240 and 3227745?
5
What is the highest common factor of 467631 and 202707?
2007
Calculate the highest common divisor of 1950 and 654440800.
650
Calculate the greatest common factor of 985026 and 147.
21
Calculate the greatest common factor of 8455 and 15809159.
1691
Calculate the highest common divisor of 544885 and 10769.
11
Calculate the highest common factor of 893267 and 6847.
41
What is the highest common divisor of 122512 and 117572?
988
What is the greatest common divisor of 45022218 and 12?
6
Calculate the highest common divisor of 192 and 2979528.
24
What is the greatest common factor of 38603306 and 7?
7
What is the highest common divisor of 19453 and 222320?
2779
What is the highest common factor of 51422856 and 984?
984
Calculate the greatest common divisor of 13057849 and 2716.
679
What is the highest common factor of 1226900 and 500?
100
Calculate the highest common divisor of 43875 and 15487550.
325
Calculate the greatest common divisor of 1430128 and 71190.
1582
What is the greatest common factor of 57315 and 4245?
15
What is the highest common factor of 156 and 7742176?
52
What is the highest common divisor of 56489043 and 2067?
2067
Calculate the highest common divisor of 10800 and 327723300.
2700
What is the highest common divisor of 48 and 423528984?
24
Calculate the greatest common factor of 510 and 153649230.
510
What is the greatest common factor of 15108 and 1163210244?
15108
Calculate the highest common factor of 195 and 9399741.
39
What is the greatest common factor of 96 and 299780128?
32
What is the greatest common divisor of 44096896 and 48?
16
What is the highest common divisor of 28610 and 281680?
10
What is the greatest common divisor of 12 and 156039120?
12
Calculate the highest common divisor of 48 and 27884022.
6
What is the greatest common factor of 7250 and 798341?
29
Calculate the greatest common factor of 7399 and 27366787.
1057
Calculate the greatest common factor of 23103 and 226047.
453
What is the highest common factor of 37944 and 117922574?
1054
What is the highest common factor of 135707038 and 368?
46
What is the greatest common divisor of 160 and 9062480?
80
What is the greatest common factor of 7180 and 138529484?
1436
What is the highest common factor of 220430870 and 88?
22
Calculate the greatest common factor of 960 and 1329060.
60
What is the highest common factor of 64299207 and 267?
267
Calculate the greatest common divisor of 20 and 2196644.
4
What is the greatest common divisor of 2147 and 14096863?
113
Calculate the greatest common factor of 15888184 and 3178.
454
What is the highest common factor of 39184173 and 24?
3
What is the highest common factor of 420 and 7351512?
84
What is the highest common divisor of 2869068 and 2068?
188
Calculate the greatest common factor of 9884 and 37131717.
2471
What is the highest common factor of 4601 and 5669077?
43
Calculate the greatest common divisor of 1368 and 89357.
19
Calculate the greatest common factor of 530 and 238720.
10
Calculate the highest common factor of 5194 and 189475.
53
Calculate the highest common divisor of 47 and 2727598.
47
What is the highest common divisor of 108 and 270977928?
12
Calculate the greatest common divisor of 427295 and 70835.
2285
Calculate the highest common divisor of 219291072 and 1911.
1911
Calculate the highest common factor of 1046493285 and 223.
223
What is the greatest common factor of 58 and 47481729?
29
What is the highest common factor of 80595 and 26685?
45
Calculate the greatest common factor of 2612400 and 4725.
525
Calculate the greatest common factor of 180529 and 69244.
2473
Calculate the highest common factor of 127819336 and 5976.
664
What is the greatest common divisor of 14185910 and 2010?
670
Calculate the greatest common divisor of 190600 and 6480.
40
What is the highest common factor of 569910 and 355377?
363
Calculate the highest common factor of 14632090 and 770.
110
Calculate the highest common divisor of 33 and 281545858.
11
Calculate the highest common factor of 945 and 19840.
5
Calculate the greatest common divisor of 9620 and 60271705.
2405
Calculate the greatest common divisor of 6116 and 9978452.
44
What is the greatest common factor of 35184 and 1125?
3
What is the greatest common factor of 68423 and 3014905?
53
What is the highest common divisor of 45753 and 36259?
101
Calculate the highest common divisor of 36821952 and 2160.
432
Calculate the highest common factor of 1701 and 1452339.
63
Calculate the greatest common divisor of 16249085 and 19.
19
Calculate the highest common factor of 29843148 and 3572.
76
Calculate the highest common factor of 1554 and 52008754.
518
Calculate the highest common divisor of 2069193654 and 1452.
726
Calculate the highest common divisor of 21888 and 4178304.
1152
Calculate the highest common divisor of 150 and 31074738.
6
Calculate the highest common divisor of 81280 and 71755.
635
What is the highest common divisor of 119076 and 516?
12
Calculate the highest common divisor of 1585075 and 2115.
235
What is the greatest common divisor of 8089487 and 43190?
4319
Calculate the greatest common divisor of 45 and 1307679285.
15
What is the greatest common divisor of 120267 and 53235?
63
What is the greatest common factor of 57726567 and 586?
293
Calculate the greatest common factor of 1936 and 8412888.
968
Calculate the highest common factor of 26395766 and 184.
46
Calculate the greatest common divisor of 1109563 and 712.
89
What is the highest common factor of 182980 and 2114726?
2614
Calculate the highest common factor of 5479182 and 180.
18
What is the greatest common factor of 145818 and 882?
18
What is the greatest common divisor of 965754 and 1?
1
Calculate the greatest common factor of 64362 and 49810.
34
What is the greatest common factor of 68 and 6780318?
2
What is the highest common divisor of 22469567 and 13139?
1877
Calculate the greatest common divisor of 19242180 and 70.
10
Calculate the highest common factor of 1599 and 2066687.
41
Calculate the greatest common divisor of 6796632 and 192.
24
Calculate the greatest common factor of 18178 and 4571950.
122
Calculate the greatest common divisor of 1305792 and 1728.
576
What is the highest common divisor of 608182447 and 463?
463
Calculate the greatest common factor of 80 and 25845430.
10
Calculate the greatest common divisor of 5504602288 and 16.
16
Calculate the highest common divisor of 30 and 73622178.
6
What is the highest common factor of 15035 and 3480215?
155
What is the greatest common divisor of 9576788 and 10621?
559
What is the highest common divisor of 101592 and 18675?
747
Calculate the highest common factor of 5397393 and 464.
29
Calculate the greatest common factor of 651768 and 81432.
312
Calculate the greatest common divisor of 12241652 and 6262.
62
What is the greatest common factor of 4098935 and 125?
5
What is the greatest common factor of 4561774 and 6727?
217
Calculate the highest common factor of 54 and 6566823.
9
Calculate the greatest common divisor of 70620 and 1327260.
660
Calculate the greatest common divisor of 350892 and 227791.
361
What is the highest common factor of 452953 and 8?
1
What is the highest common divisor of 114764 and 21684?
52
Calculate the highest common divisor of 912 and 143051.
19
What is the highest common divisor of 22 and 3236780338?
22
What is the greatest common divisor of 351 and 3516383?
13
Calculate the highest common factor of 35798616 and 168.
168
What is the highest common divisor of 225 and 1761201?
9
What is the highest common factor of 2214295 and 4060?
145
What is the highest common factor of 9 and 14323050?
9
Calculate the greatest common factor of 40426569 and 27.
9
What is the greatest common divisor of 325 and 171735?
5
Calculate the greatest commo